89 is divided by 28.
9
Calculate the remainder when 106 is divided by 10.
6
What is the remainder when 1014 is divided by 7?
6
What is the remainder when 98 is divided by 20?
18
Calculate the remainder when 145 is divided by 25.
20
Calculate the remainder when 9163 is divided by 29.
28
What is the remainder when 767 is divided by 14?
11
Calculate the remainder when 709 is divided by 208.
85
What is the remainder when 32 is divided by 12?
8
Calculate the remainder when 5622 is divided by 74.
72
Calculate the remainder when 64 is divided by 42.
22
Calculate the remainder when 355 is divided by 94.
73
Calculate the remainder when 815 is divided by 21.
17
What is the remainder when 113 is divided by 27?
5
What is the remainder when 1567 is divided by 10?
7
What is the remainder when 1449 is divided by 66?
63
Calculate the remainder when 10 is divided by 10.
0
What is the remainder when 554 is divided by 78?
8
Calculate the remainder when 2609 is divided by 1304.
1
Calculate the remainder when 2878 is divided by 30.
28
Calculate the remainder when 237 is divided by 48.
45
What is the remainder when 782 is divided by 98?
96
Calculate the remainder when 18 is divided by 14.
4
What is the remainder when 917 is divided by 34?
33
Calculate the remainder when 1148 is divided by 76.
8
Calculate the remainder when 856 is divided by 22.
20
What is the remainder when 445 is divided by 75?
70
What is the remainder when 1314 is divided by 22?
16
What is the remainder when 30 is divided by 17?
13
Calculate the remainder when 157 is divided by 75.
7
Calculate the remainder when 423 is divided by 11.
5
What is the remainder when 1927 is divided by 64?
7
What is the remainder when 156 is divided by 21?
9
Calculate the remainder when 1595 is divided by 18.
11
What is the remainder when 14249 is divided by 38?
37
Calculate the remainder when 3890 is divided by 1281.
47
What is the remainder when 23916 is divided by 92?
88
What is the remainder when 2051 is divided by 147?
140
Calculate the remainder when 882 is divided by 52.
50
Calculate the remainder when 153 is divided by 16.
9
Calculate the remainder when 9026 is divided by 122.
120
What is the remainder when 1565 is divided by 18?
17
Calculate the remainder when 48 is divided by 13.
9
What is the remainder when 105 is divided by 27?
24
What is the remainder when 234 is divided by 77?
3
Calculate the remainder when 132 is divided by 48.
36
Calculate the remainder when 330 is divided by 159.
12
What is the remainder when 690 is divided by 83?
26
Calculate the remainder when 294 is divided by 75.
69
Calculate the remainder when 647 is divided by 10.
7
What is the remainder when 316 is divided by 153?
10
What is the remainder when 122 is divided by 51?
20
What is the remainder when 1664 is divided by 119?
117
Calculate the remainder when 84 is divided by 23.
15
What is the remainder when 15 is divided by 9?
6
Calculate the remainder when 34 is divided by 23.
11
What is the remainder when 697 is divided by 14?
11
What is the remainder when 247 is divided by 14?
9
What is the remainder when 1112 is divided by 7?
6
What is the remainder when 1489 is divided by 367?
21
What is the remainder when 372 is divided by 125?
122
Calculate the remainder when 58 is divided by 15.
13
What is the remainder when 279 is divided by 69?
3
Calculate the remainder when 375 is divided by 135.
105
What is the remainder when 270 is divided by 102?
66
What is the remainder when 178 is divided by 34?
8
What is the remainder when 556 is divided by 56?
52
What is the remainder when 115 is divided by 29?
28
Calculate the remainder when 483 is divided by 126.
105
Calculate the remainder when 120 is divided by 16.
8
What is the remainder when 492 is divided by 491?
1
What is the remainder when 50 is divided by 6?
2
What is the remainder when 299 is divided by 19?
14
Calculate the remainder when 475 is divided by 14.
13
Calculate the remainder when 103 is divided by 54.
49
What is the remainder when 528 is divided by 160?
48
What is the remainder when 154 is divided by 3?
1
What is the remainder when 2595 is divided by 90?
75
Calculate the remainder when 884 is divided by 47.
38
Calculate the remainder when 20 is divided by 14.
6
Calculate the remainder when 73 is divided by 48.
25
Calculate the remainder when 10610 is divided by 25.
10
Calculate the remainder when 101 is divided by 93.
8
Calculate the remainder when 269 is divided by 15.
14
What is the remainder when 1108 is divided by 350?
58
Calculate the remainder when 342 is divided by 113.
3
Calculate the remainder when 2431 is divided by 1203.
25
Calculate the remainder when 23 is divided by 19.
4
Calculate the remainder when 1834 is divided by 265.
244
What is the remainder when 1692 is divided by 49?
26
What is the remainder when 1330 is divided by 1318?
12
What is the remainder when 7550 is divided by 83?
80
What is the remainder when 812 is divided by 91?
84
Calculate the remainder when 351 is divided by 39.
0
Calculate the remainder when 4987 is divided by 147.
136
What is the remainder when 7801 is divided by 41?
11
Calculate the remainder when 112 is divided by 11.
2
What is the remainder when 387 is divided by 193?
1
What is the remainder when 183 is divided by 62?
59
What is the remainder when 2990 is divided by 88?
86
What is the remainder when 271 is divided by 91?
89
Calculate the remainder when 1806 is divided by 363.
354
Calculate the remainder when 239 is divided by 7.
1
What is the remainder when 196 is divided by 17?
9
Calculate the remainder when 400 is divided by 17.
9
What is the remainder when 2969 is divided by 298?
287
Calculate the remainder when 231 is divided by 18.
15
Calculate the remainder when 151 is divided by 145.
6
What is the remainder when 395 is divided by 9?
8
Calculate the remainder when 145 is divided by 38.
31
What is the remainder when 164 is divided by 60?
44
What is the remainder when 9568 is divided by 14?
6
What is the remainder when 69 is divided by 56?
13
Calculate the remainder when 1107 is divided by 41.
0
Calculate the remainder when 1656 is divided by 7.
4
What is the remainder when 428 is divided by 9?
5
What is the remainder when 293 is divided by 101?
91
Calculate the remainder when 379 is divided by 64.
59
Calculate the remainder when 22 is divided by 19.
3
Calculate the remainder when 1105 is divided by 27.
25
Calculate the remainder when 231 is divided by 26.
23
What is the remainder when 116 is divided by 17?
14
Calculate the remainder when 479 is divided by 376.
103
Calculate the remainder when 21821 is divided by 44.
41
What is the remainder when 721 is divided by 3?
1
Calculate the remainder when 795 is divided by 32.
27
What is the remainder when 505 is divided by 180?
145
Calculate the remainder when 1884 is divided by 625.
9
Calculate the remainder when 417 is divided by 233.
184
Calculate the remainder when 159 is divided by 23.
21
What is the remainder when 7944 is divided by 3968?
8
Calculate the remainder when 1811 is divided by 151.
150
What is the remainder when 861 is divided by 87?
78
What is the remainder when 194 is divided by 14?
12
What is the remainder when 1035 is divided by 272?
219
What is the remainder when 1341 is divided by 17?
15
What is the remainder when 87 is divided by 31?
25
Calculate the remainder when 2666 is divided by 89.
85
Calculate the remainder when 546 is divided by 94.
76
Calculate the remainder when 2125 is divided by 133.
130
What is the remainder when 840 is divided by 123?
102
Calculate the remainder when 314 is divided by 5.
4
Calculate the remainder when 195 is divided by 40.
35
Calculate the remainder when 192 is divided by 50.
42
Calculate the remainder when 329 is divided by 13.
4
Calculate the remainder when 7400 is divided by 1850.
0
Calculate the remainder when 1352 is divided by 29.
18
What is the remainder when 646 is divided by 22?
8
What is the remainder when 319 is divided by 40?
39
What is the remainder when 135 is divided by 42?
9
Calculate the remainder when 112 is divided by 46.
20
Calculate the remainder when 24 is divided by 10.
4
Calculate the remainder when 340 is divided by 219.
121
Calculate the remainder when 320 is divided by 102.
14
What is the remainder whe